 factor of b and 64?
64
Let b(d) = -d**3 + 17*d**2 - 15*d - 31. Let i be b(16). Let s be 2079/14 + i/6. Calculate the highest common divisor of 73 and s.
73
Let u be -3 - -3 - 4/10 - 135332/(-5). Calculate the highest common factor of u and 78.
78
Suppose 0 = 3*s + 6, -12*q + 85 = -9*q - 2*s. Let b = 2 + 1. Let r be (-162)/(-8)*12/b. Calculate the highest common factor of r and q.
27
Let q(r) = 3 + 232*r**2 + 67*r**2 + 0 + 15*r**2 + 5*r + 0*r. Let p be q(-1). What is the highest common divisor of p and 6?
6
Let a = 195 - 169. Let g be (a/5)/((-59)/(-295)). Let k be 5/2*-2*-13. What is the greatest common factor of g and k?
13
Let l be (7 - (-45)/(-6)) + 62500/8. What is the greatest common factor of l and 1395?
279
Let l = -2569 + 2647. What is the highest common divisor of 54 and l?
6
Let c(m) = -m**2 + 22*m - 105. Let o be c(16). Let z(x) = -8*x**2 - 80*x - 20. Let j be z(o). What is the highest common factor of 39 and j?
13
Let n(a) = -4*a**3 - 113*a**2 - 69*a - 98. Let m be n(-28). What is the highest common divisor of m and 84?
42
Let k = -4 + 7. Suppose -56*o - 56*o = -15*o - 4656. What is the greatest common divisor of k and o?
3
Let u be (((-18)/63)/((-8)/(-42)))/(9/(-120)). Calculate the greatest common factor of u and 892.
4
Let f(v) = v**3 + 2*v**2 - 12*v - 4. Let t be f(-4). Let c(l) = 3*l**2 - 25*l - 24. Let k be c(t). Calculate the greatest common factor of 12 and k.
12
Let k be ((-3)/(9/(-366)))/((-125)/(-750)). What is the greatest common divisor of k and 305?
61
Let m = 40 + -40. Suppose 4*s + 2*u + u - 86 = 0, 4*u - 8 = m. Let x = s - 14. Calculate the greatest common divisor of x and 2.
2
Let a = 1159 + 2. Let h(x) = 7*x**2 + 17*x - 1. Let t be h(-4). What is the highest common factor of a and t?
43
Suppose 14*c - 39*c - 6*c + 110980 = 0. Calculate the highest common factor of 40 and c.
20
Let o be 8/(-18) - (4/10 - 154725/3375). Calculate the highest common factor of 2214 and o.
9
Suppose 0 = -3*o + 3*v, 6 - 2 = 2*o - v. Suppose -3*b + 257 = -0*x - x, -5*x = -o*b + 361. Calculate the highest common factor of b and 42.
42
Let u(c) = 21*c**2 + 5*c - 13. Let g be 6 + (-9)/7 + (-4)/(-14). Let y be u(g). Suppose -5*z = -y + 147. What is the highest common factor of 6 and z?
6
Let h be ((-962502)/76)/(115/(-50) + 2). Calculate the greatest common divisor of 5 and h.
5
Suppose 46*q - 150839 + 28079 = -78*q. What is the highest common divisor of q and 180?
90
Let s be 10*3*(-1352)/(-130). Calculate the greatest common factor of 429 and s.
39
Suppose 4*x + 3*y - 23 = 0, 0 = -4*x - y + 2*y + 19. Suppose 51 = b + 5*f, -x*b - f + 275 = 4*f. Calculate the highest common factor of 84 and b.
28
Suppose 3*h + 19 = -2*d, 24 + 61 = -5*d + 5*h. Let l be (-264)/d - (-5)/35. Let j be (2 - 0) + 444/6. Calculate the greatest common factor of l and j.
19
Suppose 112*o - 72*o = 1280. Calculate the greatest common factor of 800 and o.
32
Let p(r) = -r**3 + 38*r**2 - 64*r - 256. Let z be p(36). What is the highest common divisor of 296 and z?
8
Let c be -1 - 2*(330/(-12))/11. Let x be c - (7 - -51)*-8. Calculate the highest common factor of x and 108.
36
Let z(w) = 16*w**2 - 35*w - 23. Let a be z(-5). Suppose 20*p = 16*p + a. What is the highest common factor of 322 and p?
46
Let w(p) = -85*p - 89*p + 6 + 171*p. Let v be w(-18). Suppose -3*a + 17 + 99 = -4*y, 100 = 3*a + 4*y. What is the greatest common factor of a and v?
12
Let b = -27 + 32. Suppose x + 2 = -b*w, 0*w - 4*x + 13 = -w. Let y be (-2*w/(-3))/((-6)/189). What is the highest common factor of y and 7?
7
Let a = -3345 + 3441. What is the highest common factor of a and 1800?
24
Let j be (-27)/(-5 - 2512/(-512)). What is the highest common factor of j and 4800?
96
Let q(s) = -296*s - 1260. Let h be q(-10). Calculate the highest common factor of h and 150.
50
Suppose 104 = 18*d - 10*d. Suppose 0 = -6*h + 22 + 212. What is the greatest common divisor of d and h?
13
Suppose -11*g - 191 = 909. Let k = g + 127. Let h be 3/(1 + 132/(-135)). What is the greatest common factor of h and k?
27
Let f be 49 + -44 + (-1)/(-1)*-2. Let l be (0 - 3) + (9 - (f + -4)). Let d be (2 - 1) + -2 + 78. Calculate the greatest common divisor of l and d.
7
Let n = -818 - -837. Calculate the greatest common factor of n and 1539.
19
Let y(q) = -22*q**3 + q**2 + 3*q + 1. Let r be y(3). Suppose 14929 - 45158 = -37*l. Let u = l + r. What is the highest common factor of u and 22?
22
Suppose 4*l - 3*s - 20 = 0, -4*l - 5*s = -3*s. Suppose -v = -5*p + l*v + 186, -2*p = 3*v - 87. Calculate the greatest common factor of 15 and p.
3
Let p(j) = -9*j + 124 + 18*j + 87 - 74 + 35. Let g be p(-15). Let r be (12/3)/(-2) + 187. Calculate the highest common factor of r and g.
37
Suppose n - 2*z - 44 = 0, 8 = 5*z - 3*z. Suppose 0 = j + 3*w - 31, 3*w + 1 = -629*j + 636*j. What is the highest common factor of n and j?
4
Suppose 5*k + 1698 = 4*u - 1138, 2146 = 3*u + k. Calculate the greatest common factor of u and 36.
6
Let u = 969 + -487. Suppose 0 = 23*g - 27*g - 4*a + 476, 4*g = -2*a + u. Calculate the highest common factor of 183 and g.
61
Suppose 26 = -10*s + 166. Let d be s/((-98)/(-63)) + 54. What is the highest common divisor of 9 and d?
9
Let l = -3619 - -3630. Calculate the greatest common factor of l and 16720.
11
Let z(l) = l**3 + 74*l**2 - 75*l + 527. Let b be z(-75). What is the greatest common divisor of b and 155?
31
Let w(q) = -2*q**3 - 15*q**2 - 61. Let a be w(-10). Let o = a + -387. Calculate the greatest common factor of o and 403.
13
Let s = 187 - 167. Let r be 8/(-10) - (-4336)/s. Calculate the greatest common divisor of r and 24.
24
Suppose 16*r = 418 - 34. Let o(f) = -6*f**2 - 6*f - 3 - f**3 + 2 - 1. Let x be o(-5). Calculate the greatest common divisor of r and x.
3
Let p be 17/2 - (2/14)/(24/(-84)). What is the highest common divisor of p and 402?
3
Let z = -65 + 223. Let w = z - 280. Let q = -96 - w. What is the greatest common factor of q and 91?
13
Suppose -4*r + 9808 = 2*s, -8*r = -3*r - 3*s - 12249. Suppose 9*h - r = 1869. What is the highest common factor of h and 20?
20
Let q(r) be the first derivative of -r**4/4 + r**3/3 - r**2 + 3*r - 21. Let b be (-4)/6*-3 - 5. Let i be q(b). What is the greatest common factor of 5 and i?
5
Let d(j) = -2*j**2 + 239*j - 3069. Let z be d(104). What is the greatest common factor of 11966 and z?
31
Suppose -4*d + 40 = -4*p, 3*d + 4*p - 40 = 5*p. Suppose d = -6*o + 39. Let f = o - -3. Calculate the highest common factor of f and 21.
7
Let v(b) = 3*b**2 - 23*b + 2828. Let w be v(0). Calculate the greatest common divisor of 28 and w.
28
Suppose -21*o = -3*g - 20*o - 8, 28 = -5*g - 2*o. Let b be 1276/198 - g/(-9). Let r be (-1)/(-2)*(17 + 1). Calculate the highest common divisor of b and r.
3
Let i = 12 - -1. Let r = i + -6. Let h = -4477 + 4554. What is the highest common factor of h and r?
7
Let b(q) = 37*q - 59. Let d = -550 - -557. Let a be b(d). Calculate the highest common factor of a and 25.
25
Let v(q) = -4*q**2 + q - 1. Let b be v(1). Let z be ((-2)/(-5))/((-3)/(-90)). Let x = z - b. What is the greatest common factor of x and 8?
8
Suppose 200 = -n - 3*n. Let z = 75 + n. Let u(m) = -m**3 - 7*m**2 + 8*m + 10. Let k be u(-8). Calculate the greatest common divisor of z and k.
5
Let x(t) = 5*t**3 - 2*t + 2. Let l(c) = -6*c - 4*c**2 + c - c**3 + 7 + 11*c. Let b be l(-5). Let j be x(b). Calculate the highest common divisor of j and 190.
38
Suppose 11*y + 215 - 468 = 0. Calculate the highest common divisor of 1 and y.
1
Let z = 8088 + -7976. Calculate the greatest common factor of 9968 and z.
112
Let i(z) = -z**2 + 56*z - 247. Let x be i(33). Let t be ((-36)/21)/(18/(-84)). Calculate the highest common factor of t and x.
8
Suppose -4*k + 4*u + 71 = -u, -25 = -2*k + u. Calculate the highest common divisor of k and 687.
3
Let g be 8*(-132)/(-192)*(-3 + 5). Let z = 5 + 0. What is the highest common factor of g and z?
1
Suppose -2*z + 1488 = 60*z. What is the greatest common divisor of 128 and z?
8
Suppose g = -5*b - 1, 3 = 6*b - 3*b - 3*g. Suppose 2*s - 10*s + 32 = b. What is the greatest common divisor of s and 60?
4
Let t be ((-163)/(-1) - -2) + (-1 - 0). Let z = -150 + t. Let m(k) = 2*k. Let w be m(7). Calculate the highest common divisor of w and z.
14
Let o be (-38)/8 - -4